at is 2103 + -112?
1661
In base 3, what is -2102210002 - -22?
-2102202210
In base 3, what is -22110 + -20121?
-120001
In base 8, what is 6744 - -324?
7270
In base 13, what is -670 - -2a?
-643
In base 8, what is 5 - -2503?
2510
In base 5, what is 220123040 + 0?
220123040
In base 3, what is 201120 + 22000?
1000120
In base 11, what is 9992a - -4?
99933
In base 3, what is -210 + -20120020101?
-20120021011
In base 16, what is 0 + -360c4?
-360c4
In base 16, what is 3 + -5f3?
-5f0
In base 2, what is 101111001 - -11010000?
1001001001
In base 4, what is 10311 - -1102?
12013
In base 10, what is -104442 - -1?
-104441
In base 9, what is -2 - -15328?
15326
In base 14, what is -7177 - -18?
-715d
In base 12, what is -1142ab - -8?
-1142a3
In base 12, what is -3 - -1350?
1349
In base 16, what is 6c6 - -398?
a5e
In base 7, what is -42451 + 5?
-42443
In base 9, what is -3 + 23840?
23836
In base 7, what is -36406 + -63?
-36502
In base 11, what is 91 + 6209?
629a
In base 11, what is 58 + -1214?
-1167
In base 7, what is 302613 - 0?
302613
In base 7, what is 636 + 3156?
4125
In base 13, what is 80a3a + -1?
80a39
In base 3, what is -101102 - -22121?
-1211
In base 2, what is 101 - 10001011101010101101?
-10001011101010101000
In base 14, what is 15 - -2b52?
2b67
In base 11, what is -51 + -116?
-167
In base 9, what is 37 - 341?
-303
In base 11, what is 2 + -23937?
-23935
In base 11, what is 1 - -218567?
218568
In base 7, what is -4 + -63415?
-63422
In base 5, what is 10 + 12303101?
12303111
In base 5, what is -10 + -1201322?
-1201332
In base 10, what is 3 - 344412?
-344409
In base 9, what is 101241 + -46?
101184
In base 2, what is -100100 + 1010?
-11010
In base 5, what is 3411 - 2134?
1222
In base 2, what is 11111 + 10000000010001?
10000000110000
In base 7, what is -5 + -43610?
-43615
In base 11, what is 3340a0 - 2?
334099
In base 5, what is 2030 + 2011?
4041
In base 13, what is 7a3a8c + 0?
7a3a8c
In base 16, what is -4 - 42de?
-42e2
In base 16, what is -8d5ff + -4?
-8d603
In base 16, what is -a - 1109?
-1113
In base 2, what is 1000001000011 - 1100?
1000000110111
In base 7, what is -255632 + 21?
-255611
In base 5, what is 0 + -202100224?
-202100224
In base 2, what is 100110111 + 11100?
101010011
In base 6, what is -11233 + -32?
-11305
In base 11, what is -4 + -274a9?
-27502
In base 4, what is -1 + -121033111?
-121033112
In base 6, what is 51230 + -2353?
44433
In base 15, what is 20653 - 4?
2064e
In base 4, what is 22020210 + 2?
22020212
In base 3, what is 22111021 - 21?
22111000
In base 5, what is 2413010223 - -1?
2413010224
In base 16, what is 3 - -3cae1?
3cae4
In base 9, what is -11718 - 13?
-11732
In base 6, what is -1221110 - -3?
-1221103
In base 11, what is 1 - 18538?
-18537
In base 16, what is -1 + -29459?
-2945a
In base 5, what is -22404 - -410?
-21444
In base 16, what is 14 - -3f3e?
3f52
In base 11, what is 33028 - -1?
33029
In base 14, what is -c8993 + 0?
-c8993
In base 14, what is -18 - cc?
-106
In base 11, what is -1632958 - -3?
-1632955
In base 16, what is -48 - 70b?
-753
In base 2, what is -101 - 101001111111000000?
-101001111111000101
In base 11, what is -565 - -174?
-3a1
In base 9, what is 47358 + 3?
47362
In base 3, what is 21 - -11120?
11211
In base 9, what is 27606 - 2?
27604
In base 6, what is -1042454 + 5?
-1042445
In base 10, what is 2 + 527897?
527899
In base 4, what is 223 + -3010?
-2121
In base 6, what is 421535 - -5?
421544
In base 9, what is -14 - 5273?
-5287
In base 6, what is -22311 - 20?
-22331
In base 4, what is 11 + 3303113?
3303130
In base 15, what is -3a - a8cc?
-a917
In base 15, what is 86c2a + -5?
86c25
In base 2, what is 10100 - 1110001010101?
-1110001000001
In base 16, what is 3e3 + -93?
350
In base 12, what is -47 + -241?
-288
In base 9, what is 3 - 106613?
-106610
In base 16, what is 15336 - -5?
1533b
In base 12, what is 683b + -1?
683a
In base 15, what is -2 + -124e?
-1251
In base 2, what is -11110 + 101110001000111?
101110000101001
In base 14, what is -30 - -14?
-1a
In base 13, what is -973c + -5?
-9744
In base 13, what is 21 - 4cc?
-4ab
In base 3, what is -22 + 12020010?
12012211
In base 4, what is 3103 - -1231?
11000
In base 6, what is -41342 + 0?
-41342
In base 6, what is 23101 + 531?
24032
In base 3, what is -11 + 12120012?
12120001
In base 13, what is -6a876 - -2?
-6a874
In base 16, what is 76f + -4d?
722
In base 12, what is 2778 - 1?
2777
In base 13, what is 37cb - -2ca?
3ac8
In base 16, what is 16 + -272?
-25c
In base 9, what is 2 - -20000?
20002
In base 12, what is 396486 - 4?
396482
In base 8, what is -1355730 - -5?
-1355723
In base 5, what is 0 - -341211?
341211
In base 14, what is -2870c5 + -3?
-2870c8
In base 3, what is -20021 + 101220212?
101200121
In base 2, what is 1010 - -10100110001011?
10100110010101
In base 14, what is -258 - 1c4?
-43c
In base 11, what is 10581 + 1?
10582
In base 16, what is 5 - -295f?
2964
In base 11, what is 14 - 3a?
-26
In base 13, what is -1b1088 - 2?
-1b108a
In base 5, what is 12 - 34421120?
-34421103
In base 16, what is 2048 - -1?
2049
In base 14, what is 336 - d0?
246
In base 11, what is 3 + 17a9?
1801
In base 14, what is -1b - -293?
276
In base 14, what is -104db3 - 3?
-104db6
In base 15, what is 4 + ebb9?
ebbd
In base 13, what is 168 - 161?
7
In base 7, what is 2 - -23542?
23544
In base 13, what is -4 - -3b1c?
3b18
In base 10, what is -2265 - 94?
-2359
In base 16, what is 38a6 - -1?
38a7
In base 5, what is -1302301 + -310?
-1303111
In base 12, what is 12 - 428?
-416
In base 11, what is -2362 - 11?
-2373
In base 11, what is 45a6 - 4a?
4557
In base 8, what is 56140 - -3?
56143
In base 6, what is 2 - -3402?
3404
In base 2, what is 1011 - -10001011010001?
10001011011100
In base 9, what is 2 + -357722?
-357720
In base 4, what is -210122 + 1?
-210121
In base 3, what is 1111110212012 + -10?
1111110212002
In base 6, what is 5 - -34012113?
34012122
In base 15, what is -3 + 37de6?
37de3
In base 12, what is 6 + -b9334?
-b932a
In base 2, what is -100001 - -10101110?
10001101
In base 7, what is 1 + -3252323?
-3252322
In base 14, what is -a04 - -c?
-9d6
In base 12, what is -459 + -18b?
-628
In base 4, what is 13223303132 + 2?
13223303200
In base 2, what is -11 + 101011110110101?
101011110110010
In base 8, what is 4 - -1671235?
1671241
In base 10, what is 1 + -95572?
-95571
In base 15, what is 3 - 34a85?
-34a82
In base 10, what is 22808 - -13?
22821
In base 5, what is 14333424 + -2?
14333422
In base 10, what is 0 + 228599?
228599
In base 10, what is 76713 - 4?
76709
In base 5, what is 142200342 - 0?
142200342
In base 3, what is 10001 - 121222?
-111221
In base 10, what is -1 + 23282?
23281
In base 8, what is 66366 - 3?
66363
In base 13, what is -555 - -6?
-54c
In base 11, what is -8a954 - -1?
-8a953
In base 6, what is -22345152 - 5?
-22345201
In base 15, what is 20963e - -4?
209643
In base 12, what is 584b03 + 0?
584b03
In base 6, what is 101 + 1101?
1202
In base 14, what is -34 + 37308?
372b4
In base 5, what is -34 - 1401101?
-1401140
In base 16, what is -1d84 + -4f?
-1dd3
In base 7, what is -406 + 1110?
401
In base 2, what is 1 + 1000101011000?
1000101011001
In base 7, what is -11364 - 1?
-11365
In base 14, what is 1 + -12152?
-12151
In base 14, what is -4c0 - -b50?
670
In base 2, what is -1111000000000 + 1001000101?
-1101110111011
In base 11, what is -665a + -5a?
-6709
In base 8, what is 15 - 444476?
-444461
In base 9, what is -5 + 31442?
31436
In base 12, what is -7 + 82624?
82619
In base 8, what is -43314 + 5?
-43307
In base 10, what is -203 - 14744?
-14947
In base 5, what is -101 + -131330?
-131431
In base 6, what is 30321 - -31?
30352
In base 12, what is -3 + 253282?
25327b
In base 8, what is -4 - -407706?
407702
In base 6, what is -345215 + -33?
-345252
In base 6, what is -312515 + 10?
-312505
In base 16, what is 9b8 - 25?
993
In base 10, what is -5 + 12282?
12277
In base 9, what is -2408 - -22?
-2376
In base 9, what is 83881 + -34?
83846
In base 2, what is 1010110011 - -1001000?
1011111011
In base 10, what is 71925 - -21?
71946
In base 12, what is 0 - 8a9?
-8a9
In base 9, what is 2 - 2282775?
-2282773
In base 2, what is 10101010110001000010 + 1?
10101010110001000011
In base 6, what is -352 - -2100?
1304
In base 2, what is -101001000100 + -1000?
-101001001100
In base 11, what is -112424 - 